l - 13, -5*l = 4*x - 23. Suppose 5*s + l = 22. Let i be 1 - s - 0/(-18). Determine t(i).
-15
Let l(r) = 8*r + 1. Suppose 0 = 6*k - k - 5. Let s be k/3*2*(-20 + 2). Let q be ((-9)/s - 4/16)*2. Give l(q).
9
Suppose 91*q - 489 = 57. Let p(l) = -l**3 + 4*l**2 - 4*l - 14. What is p(q)?
-110
Let f = -1245 - -1240. Let w be 0/((f - -14) + -11). Let v(t) be the first derivative of -t**4/4 - t**2/2 + t - 1. Give v(w).
1
Let r be ((-69)/(-299))/((-30)/(-1170)). Let m(z) = z**2 - 8*z + 1 + 0*z**2 - 5. What is m(r)?
5
Let r(x) = 9*x**2 + 3*x + 3. Let i be r(-1). Let k = i - 4. Let m(y) = -y**2 + 6*y - 3. Calculate m(k).
2
Let p be (258/4)/(21/28). Suppose -p = -7*b - 65. Let m(n) = 2*n - 2. Let o(z) = -2*z + 2. Let r(d) = 6*m(d) + 5*o(d). Give r(b).
4
Let m(h) = -2*h**2 - 23*h - 3. Suppose -22 = 2*t - 3*z, 12*t = 11*t + 3*z - 11. What is m(t)?
8
Suppose -2*k + 2*z + 34 = 0, -24 = -k + 3*z - z. Let c(a) = a. Let g(v) = 2*v + 5. Let i(s) = c(s) - g(s). What is i(k)?
-15
Let d be (-80)/15*((-5)/20 + 1). Let z(p) = p + 22. Give z(d).
18
Let x = 193135/165534 + -2/27589. Let z(v) be the third derivative of -1/6*v**4 - 21*v**2 + 1/120*v**6 + 1/12*v**5 + 0*v + x*v**3 + 0. Calculate z(-6).
-5
Let x(k) = k**3 - 8*k**2 + 5*k + 8. Let m = -348 + 650. Let y = m + -295. Determine x(y).
-6
Let g(o) = 9*o - 5*o**2 - 484*o**3 + 189*o**3 - 1 + 149*o**3 + 147*o**3 + 2. Determine g(3).
10
Let j(p) be the third derivative of p**6/120 + p**5/20 - 5*p**4/24 - p**3/3 - 30*p**2. Let w(d) = -d**2 + 27*d - 30. Let z be w(26). What is j(z)?
2
Let z(g) be the third derivative of 25*g**4/24 - g**3/3 + 1028*g**2. Give z(0).
-2
Let z(q) = -q - 11. Suppose -56*f + 54*f + 3*p = 36, -16 = 3*f + 5*p. What is z(f)?
1
Suppose -2*g = 258*t - 255*t - 12, 4*t - 16 = 4*g. Let r(w) = 2*w + 0*w**3 + 2 + 2 + w**2 - w**3 - w. Give r(g).
4
Let s(x) = 6*x**2 - 162*x + 9. Let v be s(27). Suppose 3*k = 5*w + k - 9, 30 = 5*w + 5*k. Suppose 2*z + w = v. Let f(t) = -t**3 + 6*t**2 - 4*t + 4. Give f(z).
19
Let r(w) = w**3 + 6*w**2 - 6*w + 13. Suppose 19*i + 19 = 15*i + d, -23 = 5*i - d. Let o be (7 + i - 6) + -4. Calculate r(o).
6
Suppose 0*d - 3*d = -78. Let c = d + -37. Let r(h) = 7*h**3 + 17*h**2 - 8*h - 15. Let n(j) = j**3 + j**2 - j. Let z(y) = 6*n(y) - r(y). What is z(c)?
-7
Let f be (-6 - (-2 + -1))*-3. Suppose 2*k - 5*i - f = 4*k, -4*i + 20 = 5*k. Suppose 4*p + k - 4 = 0. Let h(u) = 10*u**3 + u + 1. Give h(p).
-10
Let i(u) = 2 - u + 2 + u**2 - 2. Let b(w) = w - 9. Let m be b(11). Suppose 9 = 4*g + 3*d, g = -m*d + 5*d - 9. Determine i(g).
2
Let v(n) = n**3 + 6*n**2 + 7*n + 6. Let x = 17 + -20. Let s be x/((4/(-16))/(2/6)). Let w be (s/5)/(1/(-5)). Give v(w).
10
Let o(r) = 5 - 4 + r - 1. Let s be o(-3). Let f(y) = -2 + 0 + 25*y - 2*y - 50*y + 25*y. Calculate f(s).
4
Let p = -259 + 261. Suppose p*z = -20*q + 23*q + 6, 0 = 3*z - 4*q - 9. Let o(g) = -g**2 + 3*g - 2. What is o(z)?
-2
Suppose -p = 4*p. Let y(t) be the second derivative of -7 + 1/12*t**4 + t**2 + 3*t + 1/6*t**3. Give y(p).
2
Let k(l) = -6*l - 27. Let u(v) = -v**3 - 8*v**2 - 122*v - 987. Let x be u(-8). Determine k(x).
39
Let p(l) be the third derivative of -l**5/30 - 11*l**4/24 + 7*l**3/6 - 22*l**2. Let g(x) = -x**2 - 64*x - 8. Let o be g(0). Give p(o).
-33
Let a(v) = 4*v + 2*v**2 + 0*v**2 - 3*v - 3*v**2 + 6*v - 3. Let t(p) = p + 1. Let x(m) = a(m) + 6*t(m). Calculate x(11).
25
Let o(m) be the third derivative of 7*m**4/24 + 33*m**2. Suppose -2*t = u + 7, -14*u + 16*u - t - 6 = 0. Calculate o(u).
7
Let u(d) = 5*d - 3. Let c(b) = -b + 1. Let s(w) = -4*c(w) - u(w). Let l = 154 - 191. Let t = -39 - l. Determine s(t).
1
Let k(s) be the first derivative of 108 + 8*s - 1/2*s**2. Calculate k(0).
8
Let s(h) = -2*h + 4. Let x be 25/35 - -2 - (-4)/14. Suppose -x*n - w - w + 52 = 0, 3*w + 12 = 0. Suppose 0 = 5*r - 20 - n. What is s(r)?
-12
Let j(y) = y**3 + 8*y**2 + 7. Let s be j(-8). Let z(a) be the third derivative of a**5/60 - 3*a**4/8 + 7*a**3/3 - 5*a**2 + 463. What is z(s)?
0
Suppose 27*n - 630 = -29*n + 11*n. Let q(l) = -2*l**2 + 30*l - 23. Determine q(n).
5
Suppose -312 + 11 = -7*f. Let l(h) = h + 95 - f - 44. Determine l(0).
8
Suppose 35 = -58*r - 23. Let u(j) = 16*j**3 - 4*j**2 - 2*j + 2. Let h(a) = 17*a**3 - 3*a**2 - 2*a + 1. Let v(c) = 3*h(c) - 2*u(c). Give v(r).
-19
Let n(x) = x**2 - x - 1. Let o(b) = 19*b**2 + 3*b + 3. Let d(a) = -n(a) + o(a). Let v be d(-2). Let j = 67 - v. Let r(z) = 2*z**2 + z. What is r(j)?
1
Let y(t) = -t**2 + 100 - 58753*t + 117498*t - 58747*t. Give y(-12).
-20
Let v(z) = -z**2 + 13*z - 26. Let b be v(10). Let c be 10/65 + b/(-26). Let u(t) = -4 + c*t + 1 - 1 + 2*t**2 - 3*t. What is u(3)?
5
Let i(t) = -t**3 - 28*t**2 - t - 21. Let a be i(-28). Suppose -a*n = -16*n. Let q(v) be the second derivative of v**4/12 - 4*v**2 - v. Calculate q(n).
-8
Let u(g) = -4*g**2 + 2*g - 3. Suppose 52*z = 29*z - 69. What is u(z)?
-45
Let w(f) be the third derivative of 0 + 51*f**2 + 1/12*f**4 + 0*f - 1/3*f**3. Give w(2).
2
Let l(y) = -y**2 - 16*y - 71. Suppose 23*f - 40 + 127 = -143. Calculate l(f).
-11
Let v(m) = m + 6. Let g be 16 - (24 - 12) - 0. What is v(g)?
10
Let i = -2747 - -2755. Let r(g) = g**3 - 9*g**2 + 6*g - 5. Determine r(i).
-21
Let w(r) = -r**2 + 11*r + 20. Let c be (-1)/((-32 + 16)/192). Calculate w(c).
8
Let o(b) = -2*b**2 - b**3 + 18 - 22 + 6*b**2 + 3*b + 1 - 1. Suppose -2*y + 4 = -y. Determine o(y).
8
Let n be 2 + 2 - (0 + 1). Suppose 4*p + 44 = -z, -4*p - 2*z - 60 = n*z. Let h(q) = -q**3 - 10*q**2 - 3*q - 2. Calculate h(p).
28
Let z(w) = 7*w + 426*w**3 + 3 + 428*w**3 - w**2 - 853*w**3. Let q(u) = -3*u**3 + 4*u**2 - 20*u - 8. Let b(p) = -6*q(p) - 17*z(p). Give b(6).
-33
Let u(j) = -2*j**2 + 14*j + 7. Let m be u(5). Let k(r) = m*r**3 + 2 - 58*r**3 - 2*r + 32*r**3. What is k(2)?
6
Let u(c) be the first derivative of c**4/4 - c**3/3 + 5*c**2/2 - 5*c - 5451. Calculate u(-3).
-56
Let b(y) be the third derivative of y**6/120 + y**5/10 + 5*y**4/24 - 4*y**3/3 + 33*y**2 - 30. What is b(-4)?
4
Let t = 13 - 7. Let b(q) be the third derivative of q**5/60 - q**4/8 - q**3/6 - q**2 + 17*q - 7. Calculate b(t).
17
Let b(t) = t - 1. Let k be (-120)/(-144) - (-173)/(-6). Let w be (-15)/((-105)/k)*1. What is b(w)?
-5
Let d(w) = 10*w**3 - w - 1. Let x(q) = -59*q**3 - 4*q**2 + 5*q + 13. Let v(p) = 6*d(p) + x(p). Determine v(2).
-3
Let h(s) = s**3 + 6*s**2 + 5*s + 24. Let j be h(-6). Let c(q) = 2*q**3 + 8*q**2 - 2*q + 12. Determine c(j).
-120
Let m(y) = -y**2 - 4*y - 5. Suppose 0 = 2*o - 7*o + 15. Suppose 43 = -g - o. Let q = 42 + g. Calculate m(q).
-5
Let y(k) = 611 + 6*k - k**2 + 0*k**2 - 1216 + 613. Give y(7).
1
Suppose -3*v + 9 = 4*n, -2*n + 20*v = 21*v - 7. Let u(d) = d**3 - 5*d**2 - 4*d - 14. Calculate u(n).
-2
Suppose 10 = -2*v + 2*d, 0 = 5*v + 145*d - 148*d + 33. Let m(j) = 3*j + 36. Determine m(v).
9
Let j(k) be the second derivative of -k**4/12 - 5*k**3/6 + 567*k. Calculate j(3).
-24
Let c(r) = -r - 1. Let i(u) = -u**2 + 22*u**2 + u**3 - 46 - 1 - 2 + 23*u. Let d be i(-20). Let a = d - -105. Give c(a).
3
Let n(t) = -t**3 - 6*t**2 + 184*t + 33. Let k be n(11). Let f = 2 + -4. Let i(s) = -s + 1. Let a(p) = -3*p + 1. Let d(l) = f*a(l) + 5*i(l). Determine d(k).
3
Let r(b) = -b + 30. Let x be r(25). Let v(t) = x - 20*t + 5*t + 16*t. Calculate v(11).
16
Let s(i) = -8*i**3 + 3*i**2 + 129*i + 4. Let j(o) = -3*o**3 + o**2 + 48*o + 1. Let k(y) = 11*j(y) - 4*s(y). What is k(4)?
-37
Suppose 132*k - 179 = 693 + 184. Suppose 4*f - 4 - 8 = 0. Let p(i) = -f*i**2 + i**2 + i**2 + 10 + 6*i. Give p(k).
-6
Let m(l) = -4 + 1 - 3*l + 3*l**2 + 0 - 1. Suppose 4*o - 5*t - 30 = 0, -5*o - 3*t + 0*t + 19 = 0. Let f be (-21)/(-28)*(1 + o - 2). Calculate m(f).
14
Suppose 0 = -0*x + 5*x - 5. Let f(i) = 48 + 18 + 3*i**2 - 66 + 4*i**2. Determine f(x).
7
Let p(l) be the first derivative of -l**7/168 - l**4/24 + 50*l**3 + 162. Let i(g) be the third derivative of p(g). What is i(1)?
-6
Let f(j) = -5*j - 2. Let i(u) = 7*u + 4. Let l(g) = 3*f(g) + 2*i(g). Let k(t) = -4*t + 11. Let c(a) = k(a) - 6*l(a). Determine c(4).
7
Let z(j) = 7*j + 11. Let a be z(0). Let w(y) = -a*y + 2 + 17*y + 0 - 1. Give w(1).
7
Let s(n) = -2*n**2 - 60*n + 4. Let q be 234/(-8) - (-81)/(-108). Determine s(q).
4
Let v be ((-924)/84)/((-2)/(-4)*-1). Let x(n) = -2*n + v - 15*n**2 + 169*n**3 - 